 = 8*w + 4. Determine l(-2).
-12
Let r(m) = m**2 + 7*m - 3. What is r(-6)?
-9
Let w(f) = 4*f + 48. Calculate w(-11).
4
Let d(t) = t**3 - 4*t**2 + 2*t + 3. Give d(-1).
-4
Let l(n) = -72*n**3 - n**2 + 3*n - 2. Give l(1).
-72
Let x(i) = -2*i**3 + 12*i**2 + 30*i - 30. Give x(8).
-46
Let m(l) = -l**3 - 27*l**2 + 17*l - 315. Determine m(-28).
-7
Let f(a) = a**3 + 10*a**2 + 21*a - 8. Determine f(-7).
-8
Let u(a) = -6*a**3 + a**2 - a - 3. Determine u(-1).
5
Let l(g) = g**2 + 14*g + 20. Determine l(-12).
-4
Let y(a) = -38*a + 1179. Give y(31).
1
Let x(s) = -5*s - 13. Give x(-1).
-8
Let a(h) = -h**2 - 20*h + 2. Give a(-20).
2
Let q(s) = s**3 - s**2 - 6. Calculate q(0).
-6
Let v(n) = -n**3 + 7*n**2 - 11*n - 1. What is v(5)?
-6
Let q(y) = y**3 + 5*y**2 - 5*y - 10. What is q(-5)?
15
Let n(x) = x**3 + 22*x**2 - 23*x - 3. Determine n(-23).
-3
Let c(w) = -2*w**3 - 26*w**2 - 2*w - 35. Calculate c(-13).
-9
Let n(w) = -4*w - 78. Determine n(-23).
14
Let d(l) = 2*l**2 + 11*l + 9. Calculate d(-8).
49
Let l(n) = 19*n - 3. Calculate l(2).
35
Let s(w) = w**2 - 9*w - 4. Give s(10).
6
Let z(u) = 22*u + 474. Calculate z(-21).
12
Let v(o) = 17*o + 86. What is v(-5)?
1
Let x(n) = n**3 + 4*n**2 - 3*n + 16. Determine x(-5).
6
Let y(r) = -r**3 - 15*r**2 + 34*r - 6. What is y(-17)?
-6
Let u(k) = -2*k - 5. What is u(6)?
-17
Let x(u) = -2*u**3 + 11*u**2 - 3*u - 10. What is x(5)?
0
Let a(l) = -4*l**2 - 4*l - 2. Determine a(-4).
-50
Let y(u) = -9*u + 8. Give y(11).
-91
Let d(k) = 2*k**3 - 3*k + 1. What is d(2)?
11
Let g(t) = t**2 + 8*t + 6. Determine g(-9).
15
Let v(j) = -j**2 - 6*j. Give v(-5).
5
Let u(f) = 3*f - 8. What is u(3)?
1
Let s(k) = k**3 + 6*k**2 - 5*k + 14. What is s(-7)?
0
Let t(a) = 6*a + 11. Determine t(-8).
-37
Let j(m) = m**3 - 16*m**2 + 10*m - 21. What is j(16)?
139
Let z(j) = j**3 + 6*j**2 + 6*j + 3. Give z(-6).
-33
Let v(q) = -q**2 + 22*q + 9. What is v(22)?
9
Let q(l) = -l**2 + 2*l - 3. Give q(5).
-18
Let p(i) = 2*i - 27. Calculate p(9).
-9
Let j(f) = -f**3 + 16*f**2 + 7*f - 10. Determine j(16).
102
Let g(w) = 8*w**2 - 2*w - 2. Determine g(3).
64
Let p(d) = -2*d + 37. Calculate p(14).
9
Let z(v) = -4*v**2 + 78*v + 6. What is z(20)?
-34
Let u(p) = 7*p + 37. Determine u(-7).
-12
Let s(l) = -l**3 - 7*l**2 - 8. Give s(-7).
-8
Let d(g) = g**3 + 4*g**2 + 4*g - 2. What is d(-2)?
-2
Let x(b) = -b**2 - 17*b - 47. Determine x(-11).
19
Let q(f) = -f**3 - 17*f**2 + 16*f - 52. Calculate q(-18).
-16
Let b(l) = l**3 - 5*l**2 + 2*l - 1. Determine b(3).
-13
Let f(g) = -g**2 - g - 17. Determine f(0).
-17
Let c(v) = 3*v - 7. Give c(20).
53
Let k(x) = x**2 + 4*x - 12. Give k(5).
33
Let q(y) = -y + 17. Give q(10).
7
Let m(z) = -z + 15. Calculate m(-7).
22
Let v(d) = d**2 - 6*d - 27. Calculate v(8).
-11
Let w(f) = f**2 - 15*f - 18. What is w(15)?
-18
Let q(o) = o**3 + 10*o**2 - 27*o - 18. Determine q(-12).
18
Let m(v) = -v**2 - 18*v - 39. Give m(-12).
33
Let r(s) = -5*s - 48. Determine r(-12).
12
Let g(y) = -y**3 - y**2 - 28*y + 5. What is g(0)?
5
Let r(n) = 6*n - 4. Give r(2).
8
Let k(r) = 2*r**3 - 3*r**2 - 5. Calculate k(3).
22
Let f(d) = -2*d**2 - 13*d - 23. Determine f(-3).
-2
Let v(p) = 12*p - 2. What is v(-1)?
-14
Let r(t) = t**3 + 7*t**2. Give r(-7).
0
Let y(q) = -6*q - 73. Give y(-12).
-1
Let b(g) = -g**2 - 19*g - 41. Give b(-6).
37
Let j(z) = -z**2 - z + 10. Determine j(-4).
-2
Let a(v) = -v**2 + 10*v - 4. Give a(12).
-28
Let h(w) = -10*w**2 + 21*w + 5. Calculate h(3).
-22
Let t(g) = -11*g + 20. Give t(4).
-24
Let o(i) = -i**2 + 3*i + 2. Determine o(5).
-8
Let v(t) = -t**3 + t - 14. Calculate v(0).
-14
Let g(w) = -w**2 - 12*w + 10. What is g(-12)?
10
Let s(n) = n + 4. Give s(-7).
-3
Let f(d) = -d**2 + 30. Determine f(0).
30
Let g(q) = -16*q - 14. What is g(-4)?
50
Let g(w) = -w**3 + w**2 - 2*w + 2. Determine g(1).
0
Let n(d) = 5*d - 40. Give n(9).
5
Let d(c) = -18*c - 2. Determine d(-1).
16
Let s(b) = -b**3 - 13*b**2 - 2*b + 3. Determine s(-13).
29
Let a(r) = -5*r + 159. Give a(30).
9
Let j(x) = 6*x - 25. Determine j(13).
53
Let n(k) = 2*k + 2. Calculate n(-8).
-14
Let i(r) = -2*r + 57. Give i(14).
29
Let m(h) = -2*h - 16. What is m(-7)?
-2
Let h(n) = -n**2 - 5*n - 4. What is h(-4)?
0
Let u(l) = -21*l**2 - 3*l + 1. Determine u(-1).
-17
Let l(i) = i**2 - 3*i - 20. Give l(7).
8
Let h(f) = f**2 + 4*f + 6. Give h(-10).
66
Let h(x) = -x**2 - 8*x - 19. Determine h(0).
-19
Let q(g) = -g - 8. Give q(-6).
-2
Let f(v) = -2*v**3 + 5*v**2 - 3*v + 2. What is f(3)?
-16
Let j(a) = 8*a + 13. Determine j(-7).
-43
Let r(p) = -24*p - 105. Calculate r(-5).
15
Let p(y) = -2*y**2 - 25*y + 29. Give p(-14).
-13
Let x(p) = -3*p - 27. What is x(-15)?
18
Let n(w) = 3*w**2 + 39*w - 84. Determine n(2).
6
Let o(c) = -c**3 - c**2 - c - 17. What is o(0)?
-17
Let f(o) = -o**3 + o**2 - 25. Determine f(0).
-25
Let m(d) = -3*d**2 + 171*d - 161. Give m(56).
7
Let f(j) = 10*j + 141. What is f(-19)?
-49
Let a(n) = -n - 2. Determine a(-12).
10
Let g(c) = -19*c - 85. Calculate g(-5).
10
Let l(i) = 22*i + 317. Calculate l(-14).
9
Let a(c) = c**2 - 5*c - 9. What is a(7)?
5
Let z(l) = 5*l + 35. Determine z(-5).
10
Let g(j) = j**3 + 22*j**2 - 201*j + 55. What is g(-29)?
-3
Let k(p) = -p**3 + 7*p**2 + 3*p - 3. Calculate k(4).
57
Let p(s) = -s**2 + 6*s + 1. What is p(5)?
6
Let s(p) = -4*p + 84. Determine s(17).
16
Let a(x) = -x**3 + 3*x**2 - 2*x + 5. Determine a(3).
-1
Let u(x) = -70*x - 486. Give u(-7).
4
Let p(l) = 5*l**2 - 31*l. What is p(6)?
-6
Let r(b) = b**2 + 10*b - 23. What is r(-11)?
-12
Let m(h) = h**2 + 33*h + 32. Determine m(-31).
-30
Let n(v) = -2*v**2 - 34*v + 13. Calculate n(-20).
-107
Let l(m) = -m**2 + 2. What is l(-3)?
-7
Let n(l) = -l**3 - 13*l**2 + 12*l - 17. Determine n(-14).
11
Let f(v) = -v**2 + 16*v - 17. Calculate f(14).
11
Let c(a) = -a + 22. Give c(18).
4
Let i(o) = 5*o - 16. Determine i(1).
-11
Let u(v) = -v**2 - 5*v + 38. Give u(4).
2
Let z(s) = s**2 - s + 4. Determine z(2).
6
Let w(h) = h**2 + 4*h - 5. Calculate w(4).
27
Let q(r) = -r + 14. Determine q(-6).
20
Let i(f) = -f**2 - 5*f + 28. Give i(-8).
4
Let b(c) = 5*c**2 + 6*c + 6. Determine b(-2).
14
Let k(i) = 21*i + 9. What is k(4)?
93
Let m(l) = 8*l**2 + 125*l - 5. Give m(-16).
43
Let g(x) = x**2 - 4*x. What is g(6)?
12
Let d(t) = t**2 - 2*t - 5. What is d(4)?
3
Let t(j) = 2*j**2 + 16*j + 9. Calculate t(-6).
-15
Let i(w) = -10*w**2 - 15*w - 9. Calculate i(-4).
-109
Let i(t) = -t**3 - 6*t**2 + 7*t + 14. What is i(-6)?
-28
Let b(f) = -2*f**2 - 3*f + 2. What is b(-5)?
-33
Let h(q) = q**2 + 8*q - 2. Give h(-10).
18
Let y(u) = 50*u**2. Calculate y(-1).
50
Let i(c) = c - 2. Calculate i(2).
0
Let f(q) = -q**2 + 32*q - 47. What is f(31)?
-16
Let b(o) = 20*o + 614. What is b(-31)?
-6
Let h(f) = f**3 + f**2 - 8*f - 7. Determine h(-3).
-1
Let c(r) = 3*r**3 - r**2 - 5*r + 3. What is c(2)?
13
Let h(p) = p**3 - 8*p**2 - 13*p + 9. Calculate h(9).
-27
Let c(f) = 2*f**2 + 6*f - 2. What is c(-6)?
34
Let p(g) = -g**2 + 10*g - 21. Calculate p(9).
-12
Let j(m) = m**2 - 11*m + 8. What is j(8)?
-16
Let n(h) = -38*h + 534. Calculate n(14).
2
Let b(n) = -n**3 + 2*n**2 + n - 3. Give b(3).
-9
Let i(j) = -59*j + 419. Determine i(7).
6
Let f(w) = 4*w**2 + 59*w - 21. Calculate f(-15).
-6
Let f(b) = 2*b**3 - b**2 - 3*b - 8. Determine f(0).
-8
Let w(u) = -9*u + 7. Give w(2).
-11
Let o(n) = -2*n**3 - 18*n**2 - n - 4. Calculate o(-9).
5
Let z(u) = -3*u**2 - u + 77. Determine z(-6).
-25
Let b(t) = 7*t - 21. Give b(2).
-7
Let f(w) = w**3 - 5*w**2 - 9*w + 10. Determine f(6).
-8
Let h(b) = -7*b + 13. Calculate h(-1).
20
Let a(c) = -c**3 - 3*c**2 + 11*c + 24. Calculate a(-4).
-4
Let b(f) = -f. Determine b(-8).
8
Let l(t) = t**3 - 5*t**2 + 5*t + 1. Calculate l(4).
5
Let s(m) = m**3 - 2*m**2 - 3*m + 3. Determine s(-3).
-33
Let a(l) = -9*l - 109. Give a(-12).
-1
Let r(y) = -2*y + 4. What is r(5)?
-6
Let t(v) = -v**3 - 8*v**2 + v + 3. Calculate t(-8).
-5
Let y(i) = -i**2 + 8*i + 8. What is y(7)?
15
Let y(k) = 10*k**3 - 3*k**2. Determine y(2).
68
Let q(o) = -o**2 - 17*o + 75. Calculate q(-21).
-9
Let b(q) = 2*q**3 + 3*q**2 - q - 2. Determine b(-2).
-4
Let d(m) = m**3 - 8*m**2 + 10*m + 4. Determine d(5).
-21
Let n(y) = y**3 + 14*y**2 - 14*y + 19. Give n(-15).
4
Let h(v) = v**2 + 3*v + 9. Determine h(0).
9
Let n(w) = w + 6. What is n(0)?
6
Let g(y) = -4*y + 40. Calculate g(9)